- 397743. What is the units digit of c?
6
Let v be 6/(-9)*1 - (-34)/6. Suppose -3*z + 187 = -5*g, -4*z - 41 = v*g - 267. What is the units digit of z?
9
Let o(b) = 6*b**2 + 4*b. Let t be o(-4). Let y = -54 - -44. Let l = t - y. What is the units digit of l?
0
Let z = -2907 - -5110. Let y = z - 817. What is the thousands digit of y?
1
What is the thousands digit of -1*92706/(1*(3 - 5))?
6
Let p(o) = o**3 - 11*o**2 + 4*o - 11. Let g be p(12). Let f = 1103 - g. What is the tens digit of f?
2
Let f(j) = 51*j - 173. Let c(g) = 25*g - 86. Let u(v) = -5*c(v) + 3*f(v). What is the hundreds digit of u(34)?
8
What is the hundreds digit of ((-44925)/(-2))/(284/16 - (-612)/(-36))?
9
Let n(f) = -23*f**2 + f. Let m be 0 + -1 + (1 - (1 + 0)). Let k be n(m). What is the tens digit of (-133 - 1)/(k/36)?
0
Let p = -8686 - -15268. What is the thousands digit of p?
6
Suppose -4*g - 5 = g. Let c be g/(-2)*1*4. What is the hundreds digit of 104/1 + (c - 4) + 0?
1
Let r = 9180 + -3300. What is the units digit of r?
0
Let b(s) = 15*s**2 + 16*s - 53. Let q be b(13). Suppose d - 2021 = -3*c, -6*c + 2*c = -d - q. What is the hundreds digit of c?
6
Let w be -2 + 2 + -2 + (23 - 8). Suppose -u - w = -21. Suppose 11*l - 630 = u*l. What is the units digit of l?
0
Suppose -5*l = -6*m + m - 385, 2*l + 5*m - 175 = 0. Suppose -288 = -l*z + 68*z. What is the tens digit of z?
2
Suppose -5*n + 18 = -5*m - 17, 14 = 3*n + 4*m. Suppose 0 = 33*b - n*b - 16200. What is the tens digit of b?
0
Let m(y) = -4*y - 32. Let t = -123 - -114. Let p be m(t). Suppose 5*f - 360 = p*c + c, 3*c = -5*f + 400. What is the units digit of f?
7
Suppose -8640 - 6936 = -3*d + 3*x, 2*d + 4*x = 10408. What is the tens digit of d?
9
Let x(w) = 28*w + 6189. Let n be x(0). Suppose 4*u - 1207 = n. What is the thousands digit of u?
1
Let q be 20/30 + (-7022)/(-6). Suppose -2*w - 83 = -q. What is the tens digit of w?
4
Suppose 0 = 8*w - 3*w + 85. Let p(r) = r**2 + 14*r + 25. Let f be p(w). Suppose o - 2*o = -f. What is the units digit of o?
6
Let a(t) = -t**2 + 21*t + 8. Let o be a(18). Suppose -o = 4*y - 190. Suppose -34*z + y*z = -164. What is the units digit of z?
2
Let a(o) = o**2 - 16*o + 26. Let h be a(-16). Suppose 3*n + 142 = v, 5*n + h = 4*v + 3*n. What is the hundreds digit of v?
1
Suppose -3*a + 1140 + 363 = g, -2*a + 2990 = 2*g. Suppose 3*j - 6*j + g = 0. What is the units digit of j?
7
What is the thousands digit of (9098/(-3))/((-5)/105*(-154)/(-44))?
8
Let k be 62/12 - 5/(30 + 0). Suppose 9*u - 7*u - k*d - 161 = 0, 0 = 3*u - d - 235. Let g = u + -55. What is the tens digit of g?
2
Suppose 63784 = 6*w - 4*q, 3*w - 16958 = 4*q + 14924. What is the tens digit of w?
3
Let o = 2602 - -13958. What is the tens digit of o?
6
Suppose 0 = 31*p - 38717 - 39837. Suppose -p = -10*z + 2376. What is the tens digit of z?
9
Let r = -4423 - -7110. What is the tens digit of r?
8
Let t = -22 - -25. Let q be t/(2*(-12)/(-16)) + 1. Suppose 53 = x - 3*w, -2*x + q*w + 103 = -0*x. What is the tens digit of x?
5
Suppose 6*d - 30 = d. Let w be ((-456)/32)/(d/(-112)). Suppose -2*b = -2*k - 0*k - w, 4*k = -2*b + 248. What is the units digit of b?
0
Let f be -46*(4 - 3) - 2. Let q be f/21 - 2/(-7). What is the units digit of -3 + (-2)/q - -24?
2
Suppose -2*f + 138178 = 4*y, 306*f - 307*f + 69086 = -y. What is the thousands digit of f?
9
Suppose 186 = 5*g - 2*o, -5*o + 0*o - 28 = -g. Let q = 39 - g. What is the tens digit of ((-407)/22)/(q/(-2))?
3
Let s(c) = -c**3 - 8*c**2 - 10*c - 9. Let g be s(-8). Let o = -290 + 292. Suppose f - 3*p - 73 = -0*f, f - o*p - g = 0. What is the tens digit of f?
6
Let s = 502 - 18. Let y = -293 + s. What is the tens digit of y?
9
Suppose -113*y = -117*y + 20. Suppose o - y*q = 378, 0*q = -q + 2. What is the tens digit of o?
8
Let f = -159 - -93. Let m be 42/8*(f/18 - -5). Let n(z) = 6*z - 22. What is the tens digit of n(m)?
2
Let z = 1 + -1. Suppose z = 2*i - 6, 6*i = 4*a + i - 1181. Let h = 486 - a. What is the units digit of h?
7
Suppose 2*b - 1429040 = -50*b - 28*b. What is the thousands digit of b?
7
Suppose 4*c = m - 18715 - 7949, c + 53272 = 2*m. What is the tens digit of m?
3
Let l(v) = -v**2 - 24*v + 46. Let a(s) = -s**3 + 7*s**2 + 4*s + 10. Let i be (-10)/55 - 180/(-22). Let o be a(i). What is the tens digit of l(o)?
9
Suppose -42 = 6*s - 1638. Let v be 5/1*s/(-35). Let m = v - -67. What is the units digit of m?
9
Let x = 5230 + 7236. What is the ten thousands digit of x?
1
Let h(b) be the first derivative of -b**4/4 - b**2 - 8*b - 7. Let l be h(-4). Let f = l - 12. What is the tens digit of f?
5
Let p = -97 - -99. Suppose -2*c + 2*u + 108 = 0, -4*u + 29 = -p*c + 3*c. Suppose -n = 5*z - c, -n - 4*z - 22 = -2*n. What is the tens digit of n?
3
Suppose -82*u + 37213 = -133798 - 68101. What is the units digit of u?
6
Suppose 15*c + 4*c + 47196 = 0. What is the thousands digit of 9 + 5 + -9 - c/2?
1
What is the hundreds digit of (2493/3 - -5)/((-2)/(-28))?
7
Let h(m) = -10*m - 34. Let n(r) = -3*r - 18. Let p be n(-5). Let l(z) = -1. Let a(f) = p*l(f) + h(f). What is the units digit of a(-8)?
9
Let o(i) = 144*i - 13. Let h be (4 - (0 + -1)) + -2. What is the tens digit of o(h)?
1
Suppose -2*k - 3*g + 31 = 0, g + 6 = 3*k - 57. Suppose s - k = -3*s, 5*s + 2201 = 3*b. What is the tens digit of b?
4
Let p be (5 - (6 + -3))/(2/11). Suppose 1938 = 17*f - p*f. What is the units digit of f?
3
Suppose 5*x - 16*r = -14*r + 29, 37 = 4*x + 3*r. What is the tens digit of (6 - 3)/(2/(4942/x))?
5
Let a(x) be the first derivative of x**3/3 + 13*x**2/2 - 3*x - 4. What is the hundreds digit of a(-34)?
7
Let k(j) = 1017*j + 433. What is the units digit of k(2)?
7
Suppose -9359 = -6*v + 22554 + 5473. What is the units digit of v?
1
Let y = 3 - -31. Let j(x) = x**2 + x - 13. Let v be j(10). Let l = v - y. What is the units digit of l?
3
Suppose -314068 + 150414 - 295921 = -25*x. What is the units digit of x?
3
Suppose 3*i + 6 = 5*i. Suppose 875 = -5*k + i*a + 2679, 2*a = 4*k - 1444. What is the hundreds digit of k?
3
Suppose -23*u = -u - 88. Suppose 0 = h + 2*l - 1039, -u*h - 2*l + 4802 = 640. What is the hundreds digit of h?
0
Suppose 123*r - z + 54987 = 125*r, -2*z + 137470 = 5*r. What is the hundreds digit of r?
4
Suppose 4*p + 55*p - 171513 = 0. What is the tens digit of p?
0
Let c be (-9)/((-72)/16) - (-3)/1. Suppose 5*z + 5*v - 1675 = 0, 3*z - 9*v + c*v - 1005 = 0. What is the hundreds digit of z?
3
Let u(l) = 7*l + 25. Let y be u(-8). Let c = 31 + y. Suppose 7*s - 9*s + 126 = c. What is the units digit of s?
3
Let q(v) = 63*v**2 + 24*v - 146. What is the hundreds digit of q(8)?
0
Suppose 5*h + 2*p = -83, -2 - 39 = 3*h - p. Let w(y) = 5*y - 31. Let d(n) = 5*n - 31. Let b(a) = -5*d(a) + 4*w(a). What is the hundreds digit of b(h)?
1
Let l(s) = 11*s**2 + 15*s + 1. Let v(d) = -12*d**2 - 16*d - 1. Let r(f) = 7*l(f) + 6*v(f). Let k be r(-7). Let z = -117 + k. What is the tens digit of z?
6
Let h(z) = 357*z - 239. What is the units digit of h(13)?
2
Let i be 4 - -761 - 5 - -2. Let x = i + -410. What is the hundreds digit of x?
3
Suppose -6*w + 9*w = 9, w + 1056 = q. What is the thousands digit of q?
1
Let m(f) = -8*f + 2. Let v be m(-4). Let h = 62 + v. What is the units digit of h?
6
Let n(a) = 22*a**2 + 10*a + 35. Let u = 121 + -126. What is the units digit of n(u)?
5
What is the units digit of 97/((-2)/(-1624)*2) - (55 + -53)?
0
Let b = 10589 + 13254. What is the thousands digit of b?
3
Suppose 0 = -f + 5*l, 12*f - 3*l + 8 = 13*f. Suppose f*q - i - 414 = 0, 9*q - 6*q = -5*i + 226. What is the tens digit of q?
8
Suppose 7*l - 94 - 130 = 0. Suppose 30*j = l*j + 2. What is the tens digit of 35 + (j/4 - (-45)/20)?
3
Let d = 23 - 7. Suppose d*c - 900 = 7*c. What is the units digit of c?
0
Suppose 0 = -t + 2*t. Let n(q) = -31*q + 111. Let p be n(-5). Suppose -4*r - p = -2*h, 5*r + 7 + 3 = t. What is the hundreds digit of h?
1
Let g = -75 - -201. Let x be (18/(-15))/(8/(-60)). Let z = g - x. What is the tens digit of z?
1
Suppose 5*v = -3*w + 183857, -6193*w + 3*v - 245150 = -6197*w. What is the hundreds digit of w?
2
Suppose -7*z = -8*z - 85. Let d be (-3)/(-2) + z/(-10). Let o = 41 - d. What is the tens digit of o?
3
Suppose -j - 5 = -2*j. Suppose -2*m = -0*z + 3*z - 724, -1212 = -j*z + 2*m. Suppose g - 123 = -5*o